pose 4*w = -2*a + 40, 3*a + 4 = w + v*a. What is the units digit of w?
8
Suppose -4*a + 1142 = 162. What is the tens digit of a?
4
Suppose -8*n = -4*n - 184. Suppose -n = -8*t + 98. What is the units digit of t?
8
Let q(k) = k**3 - 18*k**2 + 34*k + 6. What is the hundreds digit of q(17)?
2
Let n = -1399 - -1907. What is the units digit of n?
8
Suppose -4*t = -18 - 6. What is the tens digit of (t/(-3))/((-10)/615)?
2
Let x = -712 + 1238. What is the units digit of x?
6
Let c = 36 + -15. Let k = -76 + 118. Let g = k - c. What is the units digit of g?
1
Let i(q) = -q**3 + 9*q**2 - 7*q - 7. Let s be i(8). Suppose -3*j = 2 + s. What is the tens digit of (-39)/j - 4/2?
3
Let l be ((-1)/4)/((-1)/4). Let c be ((-5)/5)/(l/12). What is the tens digit of c*(-3)/((-6)/(-7))?
4
Suppose k - 430 = i, 6*k - 4*k + 4*i - 842 = 0. What is the hundreds digit of k?
4
Suppose -2*s + 7 = -3*c - 6, -4*c - 10 = s. Let z = s + 0. Suppose 0 = 4*q - 0*q + 8, -5*a - z*q = -126. What is the tens digit of a?
2
Let w(d) = d + 2. Let h be w(-5). Let c be (-1 + -17)*(-5)/h. Let v = c + 67. What is the tens digit of v?
3
Let k be 1*684/15 - 2/(-5). Let r = 6 + k. What is the tens digit of r?
5
Let r = 848 + -459. What is the hundreds digit of r?
3
Suppose x = 3*n + 354, -11 + 3 = -4*n. What is the units digit of x?
0
What is the units digit of 4194/10 - (238/35)/17?
9
Suppose 5*q = -20, -3*v - 27*q + 3101 = -32*q. What is the hundreds digit of v?
0
Suppose 48 = 2*o - 5*w, -100 = -5*o - 5*w + 20. Let k(f) = 3*f - 18. Let g be k(6). Suppose r = -g*r + o. What is the units digit of r?
4
Let f be (6 - 2)/(2*1). Suppose g - f = 3. Let u = g + 2. What is the units digit of u?
7
Let w(u) = 28*u + 26. Let i be w(-6). Let d = i - -250. What is the hundreds digit of d?
1
Let z(f) = 10*f**3 - 12*f**2 + 13*f**2 - 16*f + 10 - 11*f**3 + 12*f**2. What is the units digit of z(11)?
6
Suppose -64 = -12*r + 4*r. Suppose r*v - 3*v - 70 = 4*f, 46 = 2*v + 2*f. What is the units digit of v?
8
Suppose -3*a - z = -1, 0*z + 4*z + 30 = 5*a. Let d be (1 + 19)*(-80)/(-50). What is the tens digit of a/(-3) - d/(-3)?
1
Let o(a) = 4*a**3 + 2*a**2 + a - 2. Let i be o(1). Suppose -f = -i*h + 1042, -4*f + 639 = 2*h + h. What is the hundreds digit of h?
2
Let j(k) = 0 + 3*k + 1 + k**2 - 3. Let z be j(-6). Let h = z - -21. What is the units digit of h?
7
What is the units digit of (7/(-14) + -2)*-4?
0
Let j(f) = f**3 + 2*f**2 - 3*f + 3. Let z be j(-3). Let a = 52 + z. What is the tens digit of a?
5
Suppose 0 = -3*t - 4*y, -t = -2*t + 4*y + 16. Suppose 58 = -i - 2*o, 4*i + t*o - 3*o + 211 = 0. Let m = i - -81. What is the tens digit of m?
2
Let y(i) be the second derivative of -i**4/12 - 13*i**3/6 + i**2 - 6*i. Let d be y(-6). Suppose 3*r = -14 + d. What is the tens digit of r?
1
Suppose 3 - 11 = 4*b. Let w be (-30)/(-18) - b/6. Let t(r) = 11*r**2 - r + 2. What is the tens digit of t(w)?
4
Suppose 2*q = 721 - 83. What is the units digit of q?
9
Let z = 17 + -53. Let y = 13 - z. What is the tens digit of y?
4
Let x(s) be the first derivative of -s**2 + 14*s - 11. What is the units digit of x(-4)?
2
Let i(w) = 3*w + 14. Let s be i(-8). Let k(h) = h**2 + 10*h + 8. What is the units digit of k(s)?
8
Let b = 2 + -3. Let k be -3 + 4 + b + -1. What is the units digit of (k/(-2))/(2/48)?
2
Let b(l) = 6*l - 13. Let g be 15/((-4)/((-16)/6)). What is the units digit of b(g)?
7
Let q(p) = -p + 1. Suppose 2*x - 5*m + 1 = -2*x, 5*x + 2*m = 7. Let z be q(x). Let l(a) = -a + 7. What is the units digit of l(z)?
7
Suppose -4*z - 4*v = -1768 + 304, 2*z - 2*v - 716 = 0. What is the units digit of z?
2
Let l be (1 - -19)*(-98)/(-28). Suppose 3*v - l = v. What is the units digit of v?
5
Suppose -6*n + u + 731 = -4*n, -4*n - 3*u + 1437 = 0. Suppose -x + w = 19 - 116, 4*x + w - n = 0. What is the tens digit of x?
9
Let f be ((-66)/(-3)*1)/2*17. Let w = f - 112. What is the tens digit of w?
7
Suppose -5*i = 13*i - 5*i. Suppose 2*h + 3*b = -0*h + 97, -5*h - 4*b + 246 = i. What is the units digit of h?
0
Let v(z) = -994*z**3 + 995*z**3 - 5*z**2 - 6 + z + 0. Let t be 132/21 - 4/14. What is the tens digit of v(t)?
3
Suppose -6*s = -3*y - 2*s - 7, 21 = 3*y + 3*s. Let j(q) = 3*q - 1. Let d be j(y). Let x = d - 2. What is the units digit of x?
6
Let z = 1908 + -793. What is the tens digit of z?
1
Suppose -8 = -14*s + 12*s, -5*j + 2447 = 3*s. What is the hundreds digit of j?
4
Let o(j) = j**3 + 4*j**2 + 5*j - 2. Let z be o(-2). Let n = 88 + z. What is the units digit of n?
4
What is the tens digit of (6/36)/((-3)/(-52506))?
1
Let q(z) be the third derivative of 0*z + 0 - 5/6*z**3 - 2*z**2 - 1/24*z**4 + 1/60*z**5. What is the tens digit of q(6)?
2
Let d(j) = -5*j + 6. Suppose -i + 5*z - 18 = -0*i, -3*z = -12. Let u be d(i). Let v(b) = -b**2 - 6*b + 1. What is the units digit of v(u)?
9
Let n be ((-3)/(-6))/(-1*1/(-6)). Suppose i + 0 = -4*b + 521, -2*b = -n*i - 257. What is the units digit of b?
0
Let j be (19 + -3)/(-4) + 2 + 1. What is the tens digit of 5 + 8/(-2) - (-109 - j)?
0
Let p(i) = i**3 + 31*i**2 + 40*i - 50. What is the tens digit of p(-22)?
2
Suppose 2*n - x = -511, -9*n - 3*x = -5*n + 1017. Let b = n - -367. What is the hundreds digit of b?
1
Let v = -107 - -96. Let z = 134 - v. What is the units digit of z?
5
Let f(r) = -2*r - r**3 + 12*r**2 + 3*r - 7 + 5*r + 14. What is the units digit of f(12)?
9
Let a = -12 + 14. Let n(w) = w**2 - 2*w + 4. Let v be n(a). Suppose -4*s = -20, 0 = j + v*j - s. What is the units digit of j?
1
Suppose 5*b = 4*k + 164, -4*b - 6*k + 164 = -k. Suppose -d = b - 158. What is the hundreds digit of d?
1
Suppose -3 = q, l = -0*l - 2*q - 1. Suppose 2*b = 4*m + l*b - 157, 89 = 2*m + 5*b. What is the units digit of m?
7
Suppose -14*a = 58*a - 168912. What is the thousands digit of a?
2
Let i(n) = 3*n + n**2 + 2 + 3 - 2*n. What is the units digit of i(0)?
5
Suppose 0 = -3*r - r. Suppose r = -5*g + 6*g - 1. What is the units digit of (-12 + g)/(4/(-8))?
2
Suppose c = -s + 5*c - 14, 0 = 5*s + 5*c - 30. Suppose 2*j - 8 = 0, 0 = -3*q + 2*j + s*j + 143. What is the tens digit of q?
5
Let t(j) = -119*j - 309. What is the hundreds digit of t(-9)?
7
Suppose 7*s = s + 18414. What is the units digit of s?
9
Let m be (3 + -2)/(2/10). Let x(n) = -n**2 + 7*n - 6. Let g be x(m). Suppose -115 = g*f - 9*f. What is the units digit of f?
3
Let i(r) = 5*r**3 + 2*r**2 - 3*r - 3. Let n be i(-2). Let m = -14 - n. What is the tens digit of m?
1
Let r = 3026 - 67. What is the tens digit of r?
5
Suppose 4*p - 3*a - 34 = 0, -13 = -p + a + 2*a. Suppose h + 3*c = -7, 0 = 4*h - c - p - 4. Let s = 12 - h. What is the tens digit of s?
1
Suppose 15 = -n + 4*k, -n = 3*n + 5*k - 45. Suppose 0 = -31*l + 27*l + 840. Suppose -2*a = -0*s - 4*s + l, -5*s = n*a - 240. What is the units digit of s?
1
What is the tens digit of 6 - (-11574)/9 - -9?
0
Suppose -3*q = 5*n + 24 - 70, 0 = 3*n + 4*q - 32. Suppose -n*d + 6*d + 22 = 4*l, 0 = -2*d + 5*l + 49. What is the tens digit of d?
1
Let v(q) = -q**3 + 5*q**2 + 8*q - 18. Let m be v(6). What is the hundreds digit of 2*172*(m/(-16) - 0)?
1
Suppose 0 = -m + 7 - 1. Suppose -m = -t - 8, 4*t = x - 167. What is the tens digit of x?
5
Suppose -90 = n + 2*o, 3*n + 4*o - 172 = 5*n. Let a = n - -195. What is the tens digit of a?
0
Suppose 28 = 5*y + 2*y. Suppose 5*m = y*d - 4, 2*d - 3 = -1. Suppose 2*n + 213 = 5*n - 3*v, -4*v - 12 = m. What is the tens digit of n?
6
Let u(s) = 42*s**2 - 12*s - 1. Let b be u(4). Suppose 0 = -7*c - 0*c + b. What is the units digit of c?
9
Let p be (-4)/18 - (-60)/27. Suppose -20 = 3*b + 4*d, 3*b - 3*d - 25 = p*d. Suppose b = c + 2*c - 138. What is the units digit of c?
6
Suppose 288*m - 224*m - 150464 = 0. What is the units digit of m?
1
Let x be ((-31)/1)/(-1*2 + 3). Let b = x - -60. What is the tens digit of b?
2
Let u = -98 - -185. What is the units digit of u?
7
Suppose -3*u - 4*d = -18, 2*u - 3*d + 5 = -0*u. Suppose -2*s + w + 13 = 0, u*s - 3*w - 19 = s. Suppose s*v - 217 = -3*v. What is the tens digit of v?
3
Let f(b) = b**3 - 10*b**2 - b + 11. Let x be 3 + 6 + 0 + 1. Let s be f(x). What is the units digit of -3 + s - (-27 + -6)?
1
Suppose -4*y + 50 = 2. Let d be 6/(-2)*(1 + -5 + 3). What is the units digit of (d + -9)*y/(-9)?
8
What is the units digit of ((-4)/3)/(12/18) - -115